 = d**3 + 5*d**2 - 5*d + 3. Calculate x(g).
-3
Suppose 5*x - 2*x = -x. Let f(z) = z**2 - z + 2. Calculate f(x).
2
Suppose -2*y - 20 = 2*y. Let a(s) = -4*s + 7. Let v(u) be the second derivative of u**3/2 - 7*u**2/2 + 5*u. Let q(j) = y*v(j) - 4*a(j). Determine q(-3).
4
Let r(v) be the second derivative of v**7/840 + v**6/72 - 7*v**5/120 + v**3/2 - 3*v. Let s(d) be the second derivative of r(d). What is s(-6)?
6
Let k(r) = -r**3 - 4*r**2 - 3*r + 3. Let q = 17 - 20. Give k(q).
3
Suppose -3*g + 0*g + 6 = 0. Let x be -4 + 1 - (0 + -30). Suppose -5*n + m + x = 0, -2*m + 10 = n - g. Let w(y) = -y**2 + 5*y + 3. Calculate w(n).
-3
Let w(d) = -3*d**2 - 2*d + 3*d**2 + 12 - 14 + d**3. Calculate w(3).
19
Let w = -4 + 3. Let i = 0 + w. Let n be -1 + (i - 1) - -1. Let y(f) = -f**2 + f. What is y(n)?
-6
Let z(b) be the second derivative of b**4/12 + b**3/2 - 2*b**2 + 2*b. Suppose -2*p = -2*l + 16, 0*l - 22 = 5*p + l. Give z(p).
6
Let u(w) = 4*w**2 + w - 3. Let s(f) = 17*f**2 + 5*f - 13. Let k(v) = -2*s(v) + 9*u(v). Calculate k(2).
5
Let g(m) be the second derivative of -m**5/20 + 5*m**4/12 + 2*m**3/3 + 4*m**2 - 6*m. Give g(6).
-4
Let y(t) = t**3 + 5*t**2 + 4*t + 4. Let n(o) = o**3 + 5*o**2 + 5*o + 1. Let i be n(-4). Calculate y(i).
10
Let y(k) be the first derivative of -k**2/2 + 12*k - 44. Determine y(0).
12
Suppose 2*q - 7 = -n, 2*q + 0*n - 4 = 2*n. Let o(z) = -z**3 + 2*z**2 + 3. Determine o(q).
-6
Let l(j) = j**2 - 12*j. Let f be l(12). Let t(y) = y**2 - y - 13. Calculate t(f).
-13
Let h(p) = -68 + 130 + p**2 - 4*p - 67. Calculate h(4).
-5
Let x be (-1 + -1)*(-3)/(-6). Let g(t) be the third derivative of 7*t**6/120 + t**5/30 + t**4/24 + 3*t**2. Determine g(x).
-6
Let x(n) = 2*n + 4. Let z = 20 - 17. Calculate x(z).
10
Let b(m) = -m**3 + 2*m**2 - 4*m + 3. Suppose -16 = -4*p, 3*l - 4*p = -9 - 1. Let n be b(l). Let q(w) = -w**3 - 5*w**2 - w - 3. Determine q(n).
2
Let a(h) = -h. Let d(g) = g**3 + 4*g**2 - 6*g - 6. Let c be (1 + -1)/3 + -5. Let r be d(c). Calculate a(r).
1
Suppose -14 = -5*y - g, -y + 2*y - 3*g + 10 = 0. Let k(h) = -h**3 + h**2 - 1. Give k(y).
-5
Let g(t) = 2*t**2 + t - 1. Let c be (4 - 1)*(-1)/(-3). What is g(c)?
2
Let c(s) = 0 + 2 + 2 + 2*s - 3. Give c(4).
9
Let w(y) = 4*y - 5*y - 3*y. Let i(b) = -b + 14. Let d be i(10). Suppose -d*q - 3*a + 7 = -12, 2*a - 12 = -2*q. Determine w(q).
-4
Let j(c) = -9*c**2 - 1. Suppose -r + 2 = r. Give j(r).
-10
Suppose 3*k - 4*k = -2. Suppose 4 = -o - k. Let x(l) = l**3 + 5*l**2 - 6*l + 8. What is x(o)?
8
Suppose 0 = -12*w - 40 + 4. Let d(n) = 2*n**3 + 5*n**2 + 3*n - 2. Determine d(w).
-20
Let p(f) = f. Let h be 0 - 2/1 - (-21 - -16). Calculate p(h).
3
Let q(l) be the first derivative of l**4/4 - 2*l**3/3 - 3*l**2 + 2*l - 3. Suppose 0 = -5*f - 3*g + 1 + 13, 0 = -2*f - 5*g - 2. Give q(f).
10
Let i(a) = a**3 - 4*a**2 + 2*a + 1. Let p be i(4). Suppose -3*q - w + 6 = -0*w, 3*q + 2*w - p = 0. Let c(u) = q - u + 6*u + 3*u**2 - 2*u**2. Give c(-6).
7
Let z(a) = 4*a**2 - 2*a + 2. Let d be (-1)/(4/5 - 1). Suppose 5*s + d = 4*s. Let b(m) = -7*m**2 + 3*m - 4. Let o(n) = s*z(n) - 3*b(n). What is o(-2)?
4
Let f(r) = 2*r + 3*r - 3 - 5*r - r. Give f(-5).
2
Let u(f) = -3*f**2 - 10*f + 4. Let p(d) = -4*d**2 - 11*d + 4. Let a(r) = -4*p(r) + 5*u(r). Let b = 154 + -148. Calculate a(b).
4
Suppose -20 + 44 = -4*t. Let i(q) = -q**3 - q**2 + 10*q - 9. Let u(w) = w**2 + w - 1. Let a(r) = i(r) - 4*u(r). Give a(t).
-5
Let h(u) be the third derivative of -1/3*u**3 - 1/24*u**4 + u**2 + 0*u + 0. Determine h(-2).
0
Let q(h) = 4*h**2 - 5*h - 3. Let i(m) = m**2 - 1. Let p(z) = -3*i(z) + q(z). Let y be (-1 - (-7)/4)/(23/184). Give p(y).
6
Let p = -9 - -3. Let o be (-8)/p*(-90)/20. Let g(d) = -d**2 - 7*d - 9. Determine g(o).
-3
Let o(a) = 6*a + 5 + 4*a - a**2 - 3*a. What is o(6)?
11
Let g(r) = -3*r - 2. Let a be g(1). Let j(i) = -i + 4. What is j(a)?
9
Let b(o) = -o**2 - 2 + 1 - 2*o - 3*o. Let d = -16 - -3. Let z = 9 + d. Calculate b(z).
3
Let x(b) = -6 - 4*b - 3*b + 5*b. Let m(s) be the second derivative of -s**3/2 - 3*s**2 - s. Let w(a) = -4*m(a) + 5*x(a). Calculate w(5).
4
Let u(o) = o**3 - 7*o**2 + 8*o - 6. Suppose k - 6 = -0. Give u(k).
6
Let v(j) = -j**3 + 5*j**2 - 4*j + 5. Suppose 4 = 3*a - 8. What is v(a)?
5
Let j(u) = -u - 2. Let b(y) = y**2 + 4*y - 3. Let l be b(-4). Let f = l + 3. Let h = 0 - f. What is j(h)?
-2
Let s(i) = i**2 + 7*i + 3. Let h(k) = -k + 1. Let w be 3 + -2 + (1 - 3). Let j be h(w). Let q be -6 + (1 - (-2 + j)). What is s(q)?
-7
Let a(r) = r**2 - r - 1. Let q be a(3). Suppose q*d - 32 = -3*u, -2*u + 23 + 1 = 4*d. Let f(y) = -y - 2. What is f(u)?
-6
Let u(f) be the second derivative of -f**5/20 - f**2 - f. Let o be 7/(-3) + 2/6. Determine u(o).
6
Let f = -362 + 362. Let t(a) = 0*a + 1 - 3 - a. What is t(f)?
-2
Suppose -9*o - 95 = -28*o. Let f(i) = -i**3 + 6*i**2 - 3*i - 4. What is f(o)?
6
Let p = -5 + 3. Let j be (p/(-4))/(4/(-8)). Let n(h) = h**2 + 1. Determine n(j).
2
Let n = 33 - 35. Let j(d) = -2*d**2 - d + 1. What is j(n)?
-5
Let i(d) = d. Let c(x) = 3*x. Let b(z) = 2*c(z) - 5*i(z). Give b(-1).
-1
Let j(v) be the third derivative of v**6/120 - v**5/60 + v**4/12 + 2*v**2. Determine j(2).
8
Let c(n) = 3*n + 6. Let i(s) = -s + 4. Let o be i(8). What is c(o)?
-6
Let s(t) = -t**2 + 7*t. Let x be s(3). Let r be 42/x - 1/2. Let m(k) = -2*k**3 + 2*k + 2*k**r - 5*k**2 + k**2 - k**3. Calculate m(-4).
-8
Let g(s) be the second derivative of 2*s - 1/6*s**3 + 0*s**2 + 0. Suppose 0 = -w - 0 + 1. Determine g(w).
-1
Let o(z) = -4*z + 8 + z + 2*z. Suppose 0 = 4*m + m - 25. What is o(m)?
3
Let z(b) = 3*b**3 + b**2 - 3*b + 2. Let x(g) = 13*g**3 + 5*g**2 - 13*g + 9. Let l(t) = -2*x(t) + 9*z(t). Let k = -9 - -8. Calculate l(k).
-1
Suppose 2 = f - 0*f. Let l be 22/12 - 5/(-30). Let u(x) = -3*x**2 + 3 + f + l + 4*x**2 - 7*x. What is u(5)?
-3
Let k(n) be the first derivative of n**2 - 5*n - 8. Calculate k(5).
5
Let p(d) be the first derivative of -d**2 - 4*d - 1. Suppose -6 - 2 = 2*w. Calculate p(w).
4
Let l(f) = -6*f - 7. Let g(x) be the third derivative of 0 + 0*x - 5/24*x**4 - x**3 + x**2. Let r(d) = -7*g(d) + 6*l(d). Determine r(-5).
5
Let c be (-1)/(-3) + 16/6. Let j be 2*3/(-6) - -14. Let y(o) = -9*o - 7. Let m(b) = -19*b - 15. Let l(v) = j*y(v) - 6*m(v). Give l(c).
-10
Let i(l) = 13*l + 1. Let b(g) = 9*g + 1. Let a(q) = 7*b(q) - 5*i(q). Let o be 18/12*(-16)/(-3). Let t = o + -6. What is a(t)?
-2
Let d be -1 + 0 + 1 + 3. Let j = d - 0. Let y(k) = k + 2. Let f(q) = 3*q + 6. Let z(w) = -3*f(w) + 8*y(w). What is z(j)?
-5
Let y = 1 + 1. Let g(s) = -4 + s**2 + 3 - y*s + s**2. Give g(3).
11
Let g(f) = 5*f**2 + 1. Let s be g(-1). Let y = s - 3. Let b(u) = -u**3 + 3*u**2 + 4. Give b(y).
4
Let m(q) = -6*q - 12. Let f(r) = r + 1. Let p(k) = 9*f(k) + m(k). Let g be ((-2)/3)/((-2)/12). Calculate p(g).
9
Suppose 0 = -p - 3*p + 16. Let i(q) = q**3 - 3*q**2 - 6*q + 2. Calculate i(p).
-6
Suppose -k - 2 = -2*k. Let c(q) = -6 + q**k + 2*q + 10*q - 2*q - 5*q. What is c(-5)?
-6
Let y = 18 - 16. Let g(r) = r**3 - 2*r**2 - r - 1. Let j be g(y). Let s(a) = 3*a + 2. Give s(j).
-7
Let z = 7 - 4. Let o = 8 - z. Let n(t) = t**3 - 6*t**2 + 5*t + 3. Give n(o).
3
Suppose -11*n + 18*n - 49 = 0. Let r(w) be the second derivative of -w**4/12 + 7*w**3/6 - w**2/2 - 3*w. Calculate r(n).
-1
Let q(c) = -c + 8. Suppose 0 = -0*b - 3*b + 15. Calculate q(b).
3
Let w(k) = -k**3 - 4*k**2 + 2*k + 6. Suppose 0 = -2*m + 2*x + 10, -2*x - 28 = -4*m - 12. Let g = 2 - m. Let r be (9 - g)*(-4)/10. What is w(r)?
-2
Let m(r) = -r**3 + r**2 - r - 1. Let x(y) = y**2 + y - 4. Let w be x(-3). Let z(g) = 4*g**2 + 1. Let s(q) = w*m(q) - z(q). Calculate s(-2).
9
Suppose -5*p + f + 31 - 4 = 0, -f = 3*p - 13. Let i(q) = 5*q + 1 + 39*q**2 - 2 - 40*q**2 + 0*q. Calculate i(p).
-1
Let u = 19 + -19. Let k = -6 - -8. Let m(w) = -w + 1 + u*w + k*w**3 - w + 2*w**2. Give m(1).
3
Suppose 14*f = 15*f + 5. Let j(q) = -q**3 - 5*q**2 - 4. Calculate j(f).
-4
Let m(i) = 5*i**2 + i + 10. Let c = 2 - 3. Let x = 11 - 17. Let r(z) = -z**2 - 1. Let n(j) = c*m(j) + x*r(j). Give n(0).
-4
Let y(j) = -3*j**2 + 2. Suppose -2*t - b + 12 = 0, 0*b - 4*b + 12 = -t. Let o = 10 + 0. Suppose l + 2 = h, -t*h - 3*l = -5*h + o. What is y(h)?
-10
Suppose 3*m - 4*w - 6 = 0, -5*w + 1 = 3*m - 5. Let f(z) = z + z - 3 - m*z - z. G